3107 is divided by 43?
11
Calculate the remainder when 133714 is divided by 278.
274
What is the remainder when 709 is divided by 495?
214
What is the remainder when 86303 is divided by 32?
31
Calculate the remainder when 141209 is divided by 636.
17
Calculate the remainder when 4316 is divided by 842.
106
Calculate the remainder when 11194 is divided by 589.
3
Calculate the remainder when 12682 is divided by 151.
149
Calculate the remainder when 941203 is divided by 22.
21
Calculate the remainder when 435999 is divided by 18.
3
What is the remainder when 77815 is divided by 369?
325
Calculate the remainder when 17320 is divided by 863.
60
What is the remainder when 66577 is divided by 4?
1
What is the remainder when 1232769 is divided by 45?
39
What is the remainder when 272303 is divided by 61?
60
Calculate the remainder when 599108 is divided by 14.
6
What is the remainder when 5755 is divided by 264?
211
What is the remainder when 1612 is divided by 399?
16
What is the remainder when 5474 is divided by 688?
658
Calculate the remainder when 7370 is divided by 7261.
109
Calculate the remainder when 148465 is divided by 74232.
1
What is the remainder when 18076 is divided by 9033?
10
Calculate the remainder when 14315 is divided by 2859.
20
What is the remainder when 4250 is divided by 118?
2
Calculate the remainder when 762 is divided by 218.
108
Calculate the remainder when 202757 is divided by 7.
2
What is the remainder when 21259 is divided by 80?
59
What is the remainder when 4442 is divided by 351?
230
What is the remainder when 31121 is divided by 452?
385
Calculate the remainder when 634400 is divided by 22.
8
Calculate the remainder when 752589 is divided by 12.
9
Calculate the remainder when 13397 is divided by 285.
2
What is the remainder when 433 is divided by 127?
52
What is the remainder when 320930 is divided by 23?
11
What is the remainder when 20399 is divided by 58?
41
Calculate the remainder when 64172 is divided by 84.
80
Calculate the remainder when 15845 is divided by 194.
131
What is the remainder when 6712 is divided by 49?
48
Calculate the remainder when 17459 is divided by 8.
3
What is the remainder when 9493 is divided by 77?
22
Calculate the remainder when 2466 is divided by 2464.
2
Calculate the remainder when 33245 is divided by 12.
5
Calculate the remainder when 19948 is divided by 281.
278
Calculate the remainder when 1645677 is divided by 14.
5
Calculate the remainder when 10316 is divided by 93.
86
Calculate the remainder when 118577 is divided by 6.
5
Calculate the remainder when 2398 is divided by 30.
28
Calculate the remainder when 3795 is divided by 43.
11
What is the remainder when 111444 is divided by 541?
539
Calculate the remainder when 847 is divided by 423.
1
What is the remainder when 338407 is divided by 430?
427
What is the remainder when 98751 is divided by 10971?
12
What is the remainder when 2307 is divided by 379?
33
Calculate the remainder when 40811 is divided by 1943.
8
Calculate the remainder when 35402 is divided by 38.
24
Calculate the remainder when 24454 is divided by 850.
654
What is the remainder when 17563 is divided by 3480?
163
Calculate the remainder when 469418 is divided by 33.
26
What is the remainder when 20507 is divided by 820?
7
What is the remainder when 333921 is divided by 8348?
1
What is the remainder when 2437040 is divided by 12?
8
What is the remainder when 2481 is divided by 583?
149
Calculate the remainder when 111779 is divided by 92.
91
What is the remainder when 500 is divided by 248?
4
Calculate the remainder when 3903 is divided by 1791.
321
What is the remainder when 9084 is divided by 7?
5
What is the remainder when 139826 is divided by 2?
0
Calculate the remainder when 66512 is divided by 75.
62
Calculate the remainder when 4558 is divided by 40.
38
Calculate the remainder when 29162 is divided by 5.
2
What is the remainder when 7149718 is divided by 10?
8
What is the remainder when 148 is divided by 19?
15
Calculate the remainder when 12300 is divided by 53.
4
Calculate the remainder when 286546 is divided by 241.
238
What is the remainder when 16401 is divided by 16369?
32
Calculate the remainder when 18552 is divided by 10.
2
What is the remainder when 48839 is divided by 5425?
14
What is the remainder when 49347 is divided by 24659?
29
What is the remainder when 4060 is divided by 27?
10
Calculate the remainder when 6514 is divided by 789.
202
Calculate the remainder when 7137 is divided by 7.
4
What is the remainder when 92489 is divided by 564?
557
Calculate the remainder when 26613 is divided by 50.
13
What is the remainder when 7212 is divided by 864?
300
Calculate the remainder when 83673 is divided by 16.
9
What is the remainder when 30641 is divided by 48?
17
Calculate the remainder when 92972 is divided by 61.
8
Calculate the remainder when 1305516 is divided by 10.
6
What is the remainder when 120362 is divided by 5013?
50
Calculate the remainder when 31653 is divided by 199.
12
Calculate the remainder when 5545 is divided by 394.
29
What is the remainder when 2517 is divided by 619?
41
What is the remainder when 2380 is divided by 390?
40
Calculate the remainder when 48822 is divided by 6968.
46
Calculate the remainder when 1178 is divided by 52.
34
What is the remainder when 242992 is divided by 26998?
10
Calculate the remainder when 3949 is divided by 657.
7
What is the remainder when 2736 is divided by 5?
1
What is the remainder when 11138 is divided by 177?
164
Calculate the remainder when 4876 is divided by 106.
0
What is the remainder when 15791 is divided by 7?
6
Calculate the remainder when 12731 is divided by 36.
23
What is the remainder when 6855 is divided by 14?
9
Calculate the remainder when 119978 is divided by 70.
68
Calculate the remainder when 2549 is divided by 183.
170
What is the remainder when 34740 is divided by 1164?
984
What is the remainder when 22514 is divided by 11253?
8
What is the remainder when 1034 is divided by 80?
74
What is the remainder when 12883 is divided by 674?
77
Calculate the remainder when 1145554 is divided by 58.
54
Calculate the remainder when 361367 is divided by 44.
39
Calculate the remainder when 29053 is divided by 2005.
983
What is the remainder when 8205 is divided by 11?
10
What is the remainder when 113716 is divided by 274?
6
What is the remainder when 127509 is divided by 9?
6
What is the remainder when 3833 is divided by 1429?
975
Calculate the remainder when 19577 is divided by 20.
17
Calculate the remainder when 144332 is divided by 79.
78
Calculate the remainder when 21360 is divided by 22.
20
Calculate the remainder when 2884 is divided by 408.
28
Calculate the remainder when 23500 is divided by 11724.
52
Calculate the remainder when 9756 is divided by 82.
80
What is the remainder when 22980 is divided by 185?
40
What is the remainder when 3379 is divided by 163?
119
Calculate the remainder when 774009 is divided by 58.
57
Calculate the remainder when 6035 is divided by 1016.
955
Calculate the remainder when 37573 is divided by 45.
43
What is the remainder when 5687 is divided by 27?
17
Calculate the remainder when 12405 is divided by 478.
455
Calculate the remainder when 1952 is divided by 130.
2
Calculate the remainder when 993165 is divided by 24.
21
Calculate the remainder when 776 is divided by 713.
63
Calculate the remainder when 50357 is divided by 355.
302
What is the remainder when 110425 is divided by 116?
109
Calculate the remainder when 2489 is divided by 130.
19
Calculate the remainder when 5597 is divided by 283.
220
What is the remainder when 2036 is divided by 115?
81
What is the remainder when 48577 is divided by 15?
7
What is the remainder when 4589 is divided by 219?
209
Calculate the remainder when 1142918 is divided by 40.
38
Calculate the remainder when 139862 is divided by 48.
38
What is the remainder when 11947 is divided by 104?
91
Calculate the remainder when 9020 is divided by 693.
11
Calculate the remainder when 1709496 is divided by 22.
8
Calculate the remainder when 1868 is divided by 536.
260
What is the remainder when 12785 is divided by 49?
45
Calculate the remainder when 543 is divided by 75.
18
Calculate the remainder when 218787 is divided 